 factor of 247 and v.
13
Suppose 0 = -5*n - l - 180, -4*n - 3*l + 2*l = 145. Let p = 57 + n. Calculate the highest common divisor of p and 22.
22
Let v = 5 + -3. Suppose -3*f = -8 + 2. What is the highest common divisor of v and f?
2
Suppose i = 3*g + 24, 12 = -g - 2*g. Suppose -11*v + i*v + 24 = 0. Let o be ((-13)/(-2))/((-4)/v). What is the greatest common divisor of 351 and o?
39
Let g(o) = o**3 - 34*o**2 + 40*o - 6. Let i be g(33). Let c(q) = q**2 - 5*q + 1. Let h be c(8). What is the highest common divisor of h and i?
25
Suppose -4*j = -4*t + 75 - 23, 2*j + 17 = -t. Let u = 80 - j. Calculate the highest common factor of 18 and u.
18
Let y = 496 - 460. Let v(j) = j - 1. Let h be v(7). What is the highest common factor of h and y?
6
Suppose -28*l + 5*l = -1150. Calculate the highest common factor of l and 80.
10
Let y = 41 - 26. Let n be (26/3)/(10/y). Calculate the highest common divisor of n and 104.
13
Let u(v) = 65*v**2 + 4*v + 7. Let z be u(2). Calculate the greatest common factor of 121 and z.
11
Suppose 0 = 4*q - 15 - 1, -5*q = -3*w - 23. Let v be 7/w*(11*4)/(-4). Calculate the greatest common factor of v and 11.
11
Let k(a) be the first derivative of 2*a**3/3 + 4*a**2 + 4*a - 6. Let j be k(-6). Let x be 7/j - 126/(-8). What is the highest common factor of 4 and x?
4
Suppose 3*b = -3*j - 189, 4*b = -5*j - 230 - 25. Let s = 62 + b. What is the greatest common divisor of s and 4?
2
Suppose -8*i = -5*u - 7*i + 115, -2*i + 10 = 0. What is the highest common factor of u and 264?
24
Suppose -6*c + 612 = -c - j, -363 = -3*c + 2*j. Calculate the greatest common divisor of 41 and c.
41
Suppose 9*h = 10*h - 50. What is the highest common factor of 25 and h?
25
Suppose -5*f = 15*f - 1600. Calculate the greatest common factor of f and 16.
16
Suppose 291 = 7*q - 129. What is the greatest common divisor of 15 and q?
15
Suppose -47*w = -293 - 2245. Calculate the highest common divisor of w and 702.
54
Suppose 0 = 14*s - 11477 + 3231. What is the greatest common divisor of s and 31?
31
Let r(c) be the first derivative of -c**2/2 + 3*c + 3. Let x = -46 - -44. Let o be r(x). Calculate the greatest common divisor of 1 and o.
1
Suppose -r - 5*z = 14, 16 = r + 4*z - 5*z. Calculate the highest common divisor of r and 11.
11
Let x = 833 + -681. Calculate the greatest common divisor of x and 32.
8
Suppose 0 = -52*p + 13830 + 1302. Calculate the greatest common factor of 12 and p.
3
Suppose 4*o + 3*b - 71 = 0, 5*b - 40 + 115 = 3*o. Calculate the highest common factor of o and 8.
4
Let u(q) = -q**2 + 11*q - 18. Let o be u(9). Suppose 4*f - 141 - 19 = o. Calculate the highest common divisor of f and 16.
8
Suppose -6*y + 1095 = -y. Calculate the highest common factor of y and 292.
73
Let s = 60 + -37. Suppose 240 = 2*i - 174. Calculate the highest common factor of s and i.
23
Let r(p) = 79 + 87 + 30 + 6*p. Let d be r(0). Calculate the highest common factor of d and 49.
49
Suppose -18*a + 0 = -18. Suppose -3*h + 3 = -0. What is the greatest common divisor of h and a?
1
Suppose -5*l - 5*o + 6*o + 5795 = 0, 0 = -4*l + 5*o + 4615. Calculate the greatest common factor of l and 80.
40
Suppose 3*j - 5*g - 69 + 73 = 0, 4*j - 3*g - 13 = 0. What is the greatest common factor of 427 and j?
7
Let p(k) = -k + 3. Let l be p(3). Let x = -13 + l. Let d = -1 - x. Calculate the greatest common factor of 24 and d.
12
Let t(q) = 118*q + 132. Let b be t(0). Let v = 14 + -2. What is the highest common divisor of v and b?
12
Let m(d) = d**3 + 22*d**2 - d - 12. Let s be m(-22). Calculate the highest common divisor of 26 and s.
2
Let m be ((-2)/(-4))/((-7)/(-56)). Let z = 76 + m. Let w(d) = 2*d**2 - 3*d. Let r be w(4). What is the greatest common factor of r and z?
20
Let f be (-4)/(-6) + (-72)/27. Let h be 0 + f + 2376/12. Suppose 0 = -3*t + 20 + h. Calculate the highest common divisor of t and 8.
8
Let s = -279 - -321. What is the greatest common divisor of 70 and s?
14
Suppose 1540 = 14*n + 14*n. What is the highest common factor of n and 1045?
55
Let w(f) = 9*f + 17. Let l be w(-6). Let y = -17 - l. Calculate the greatest common factor of y and 2.
2
Let n be (-2 + 18/(-27))*-90. What is the highest common factor of 660 and n?
60
Let o(k) = 30*k**2 + 23*k + 2. Let d be o(-3). Calculate the greatest common factor of 14 and d.
7
Let r(h) = h**3 + 0 - 7 - 3*h + 12*h**2 - 5*h - 6*h. Let u be r(-13). Suppose -6 = 5*y - u*y. Calculate the greatest common factor of y and 66.
6
Let g = -21 - -18. Let u be 2 + (2 - (g - -5)). Calculate the highest common divisor of u and 16.
2
Let t(v) = -2*v + 4*v + 0*v - 5*v. Suppose -3*x - 7 = -4. Let q be t(x). Calculate the highest common divisor of 33 and q.
3
Let a = 18 + 17. Suppose f + o - 13 = 0, 0 = 5*f + o - 2*o - a. Calculate the greatest common divisor of f and 40.
8
Suppose 2*g = 2*q + g - 72, 4*q - 144 = -4*g. Suppose -5*m = -3*m + 36. Let l be 54/1*m/(-54). What is the greatest common divisor of l and q?
18
Suppose 9*v - 638 = 154. Calculate the greatest common divisor of 8 and v.
8
Let y be 1*8/(-4 - -8). Suppose 0*u + y*u = 4*x + 234, -4*u - 4*x + 492 = 0. What is the greatest common factor of u and 11?
11
Suppose 9*c - 1408 = 5*c. Suppose 2*v + 36 + 492 = -3*h, 3*v = -2*h - c. Let r be 2/(-4*1/h). What is the highest common factor of r and 11?
11
Suppose -5*i + 5*h + 5 = 0, 2*i - 4*h = i - 2. Suppose 5*c - i*c = 1728. Suppose 4*b - 8*b + c = 0. What is the highest common factor of b and 18?
18
Let i(f) = -f + 5. Suppose -g = -3*k - 14, 0 = 2*k - 2*g - g + 7. Let m be i(k). Suppose 4*o - m - 22 = 0. Calculate the greatest common divisor of o and 72.
8
Let h be 5 - (7 - (-20)/(-5)). Suppose -h*t + 29 = 7. What is the greatest common divisor of t and 33?
11
Let i(o) = o**2 + o + 2. Let u be i(-3). Suppose 5*r - 147 = -57. Suppose -13*h - 100 = -r*h. What is the greatest common divisor of h and u?
4
Suppose -31 - 2 = -3*a. Let o be 12*((-16)/(-3) + 2). What is the greatest common factor of o and a?
11
Suppose 26 - 2 = 4*l. Let j(b) = 7*b + 3. Let g be j(l). Suppose m + 13 + g = 3*s, -4*s = 2*m - 74. Calculate the highest common divisor of s and 76.
19
Suppose -2*q = 4*w - 42, 0 = -2*q - w - w + 42. Let t be 297/2 - 12/8. What is the greatest common factor of q and t?
21
Let l(h) = h**2 - 4*h - 9. Let j be l(5). Let a(f) = -f**3 + 6*f. Let i be a(j). Calculate the highest common factor of 100 and i.
20
Let n(k) = 147*k + 66. Let p be n(2). What is the greatest common factor of p and 50?
10
Suppose -3*f + 70 = 16. Let y(d) be the first derivative of -d**4/2 + d**2 - 1. Let m be y(-2). Calculate the greatest common factor of m and f.
6
Suppose 0 = 3*m - 195 - 390. Suppose 4*z = 3*l + 864, -5*l + 237 + m = 2*z. What is the highest common divisor of 8 and z?
8
Let g = -653 - -749. Suppose -6 = -0*w - 2*w. Let f = w + g. Calculate the greatest common factor of f and 11.
11
Suppose -2*r + 5*g = -27, -r + 6*r = -2*g + 140. Calculate the highest common factor of 312 and r.
26
Let m(f) = f**3 + 5*f**2 + 8*f + 2. Let p be m(-4). Let k = -11 - p. Calculate the greatest common factor of k and 1.
1
Let w be (-3 + (-3 - -4))*-12. Let k = -14 + w. What is the greatest common divisor of k and 10?
10
Suppose t - 5*f + 65 = 6*t, f - 5 = 0. Let w = -618 + 642. What is the highest common factor of t and w?
8
Let w(n) = 3*n**2 - 23*n + 16. Let f be w(11). What is the highest common divisor of f and 84?
42
Let s(h) = h**2 - 12*h + 2. Let n be s(12). Let t be 20 - ((0/1)/n)/4. Calculate the greatest common factor of t and 8.
4
Let c(x) = -3*x**2 + 24*x - 9. Let f be c(7). Suppose 0*q + 12 = 4*q. Calculate the greatest common divisor of q and f.
3
Let s be 5/(-45)*(-26 - 1). Suppose -4*x = -4*w - 16, 2*w - 20 = -2*w. Let d be x/4*(-48)/(-9). What is the highest common factor of s and d?
3
Let f be 10/2 - (-2 - -4). Let r be f + 29 + 6 + -3. What is the highest common divisor of 7 and r?
7
Let u be -2*(8 - 116/8). Calculate the greatest common divisor of u and 767.
13
Let m = 8 + -6. Suppose m*i + 272 = 3*b, i = 2*i + 4. Calculate the highest common factor of 132 and b.
44
Suppose -3*y = 2*y + 20, 0 = -3*v - 5*y + 220. Calculate the highest common divisor of 30 and v.
10
Let f be 13/((12/(-18))/(86/(-3))). Calculate the greatest common divisor of f and 86.
43
Sup